 is -3 + 159?
156
In base 11, what is -64 + 1?
-63
In base 13, what is -3 + -292?
-295
In base 11, what is -3 - 135?
-138
In base 14, what is -14 + -6a?
-80
In base 5, what is 22 + -233?
-211
In base 12, what is -33 - 9?
-40
In base 3, what is 112210 - 2?
112201
In base 9, what is -381 - 3?
-384
In base 3, what is -2121200 - -10?
-2121120
In base 7, what is 22 + 10?
32
In base 3, what is -210 - 101?
-1011
In base 4, what is 102312 + 10?
102322
In base 11, what is 92 + -11a?
-38
In base 14, what is -5 - 276?
-27b
In base 14, what is -64 - 34?
-98
In base 3, what is -12 + 2102?
2020
In base 6, what is 342 + -5?
333
In base 10, what is -18039 - 5?
-18044
In base 13, what is -12 + 5?
-a
In base 6, what is -12 - -41?
25
In base 15, what is 5 + 56?
5b
In base 4, what is 1 + -1101?
-1100
In base 7, what is -3 + 3405?
3402
In base 3, what is 10 + -2101?
-2021
In base 9, what is -43 - 2?
-45
In base 2, what is 1101 - -10011?
100000
In base 14, what is 0 - -112?
112
In base 4, what is 1 - -22310?
22311
In base 9, what is -5 - 2123?
-2128
In base 11, what is 2 + -8?
-6
In base 9, what is 4 - -421?
425
In base 14, what is -4db - -5?
-4d6
In base 11, what is -4 - -179?
175
In base 3, what is 0 - 222?
-222
In base 8, what is 3 - 74?
-71
In base 11, what is -2 - -2408?
2406
In base 8, what is 2361 + 5?
2366
In base 5, what is -1 + 1304?
1303
In base 2, what is -11100 - -100?
-11000
In base 12, what is -2 + 50?
4a
In base 3, what is -1210221 - -2?
-1210212
In base 5, what is 3133 - -43?
3231
In base 11, what is 10 - 865?
-855
In base 6, what is 2030 + -4?
2022
In base 5, what is -20 + -33?
-103
In base 10, what is 7 + -177?
-170
In base 11, what is -15 - 2?
-17
In base 14, what is -5 - -9b?
96
In base 15, what is 15 + 13?
28
In base 12, what is -747 + -15?
-760
In base 9, what is -2 - 663?
-665
In base 14, what is 27 + 5?
2c
In base 15, what is 8d - -6e?
10c
In base 3, what is -11110 + 10?
-11100
In base 14, what is -5d - -b?
-52
In base 9, what is 0 + 1141?
1141
In base 3, what is -2111 - -102?
-2002
In base 3, what is -2201 + 10?
-2121
In base 12, what is -6371 - -2?
-636b
In base 11, what is -38 - -3?
-35
In base 12, what is b39 - 0?
b39
In base 5, what is -104 - -33?
-21
In base 3, what is 2101 + -11002?
-1201
In base 11, what is 6524 + 4?
6528
In base 15, what is 3 - -1b0d?
1b11
In base 16, what is -4 + -28?
-2c
In base 12, what is 1 + 189?
18a
In base 10, what is 6 + -4877?
-4871
In base 4, what is 1133311 - 0?
1133311
In base 2, what is 1 - 111010?
-111001
In base 13, what is 264 + -28?
239
In base 2, what is -10 + -11111110101?
-11111110111
In base 13, what is -1 + -209?
-20a
In base 13, what is 3 + -936?
-933
In base 4, what is -122 + 13?
-103
In base 13, what is c2 + 0?
c2
In base 4, what is -220 - 0?
-220
In base 4, what is -2 - 323?
-331
In base 14, what is -454 - 1?
-455
In base 10, what is -1 - -4?
3
In base 5, what is 4 + -124030?
-124021
In base 4, what is -130 - 31?
-221
In base 14, what is 882 - -3?
885
In base 5, what is -1 + -12?
-13
In base 13, what is 11 + 4?
15
In base 8, what is 44 + 65?
131
In base 13, what is 21 - 5?
19
In base 11, what is 5 + -126?
-121
In base 7, what is -1235 + 1?
-1234
In base 3, what is 2011 - -12?
2100
In base 12, what is 5 - 395?
-390
In base 11, what is -4 + -1223?
-1227
In base 4, what is 330 - -13?
1003
In base 16, what is -17 + 36?
1f
In base 5, what is 1031 + -1?
1030
In base 6, what is -55220 + -1?
-55221
In base 14, what is 5 - 13?
-c
In base 10, what is -3 + -436?
-439
In base 13, what is -130 - 1?
-131
In base 8, what is 20 + 7?
27
In base 3, what is -2 + -1121?
-1200
In base 12, what is 208a + -3?
2087
In base 10, what is -59 - 3?
-62
In base 12, what is 150 - -11?
161
In base 8, what is -17 + 3?
-14
In base 11, what is -a - 179?
-188
In base 7, what is -5 - -5061?
5053
In base 2, what is 10 + -100000000?
-11111110
In base 10, what is -3171 + 5?
-3166
In base 4, what is 1311300 + 2?
1311302
In base 13, what is 2a - -26?
53
In base 14, what is d28 + -4?
d24
In base 2, what is 101 - 10000011011?
-10000010110
In base 9, what is -3 + 288?
285
In base 5, what is -2 - 0?
-2
In base 16, what is -17d1 - 3?
-17d4
In base 4, what is 2 + 303?
311
In base 2, what is 1000001010 + 1010?
1000010100
In base 7, what is 1 - 4011?
-4010
In base 16, what is -79 - 83?
-fc
In base 7, what is -13 - 15?
-31
In base 6, what is 410 + -121?
245
In base 2, what is -11010010 - 10011?
-11100101
In base 16, what is 1 + -15?
-14
In base 7, what is 6 - -236?
245
In base 6, what is -22135 - -2?
-22133
In base 4, what is 0 + -101?
-101
In base 2, what is -11001 + -10001?
-101010
In base 15, what is -1a - -7a?
60
In base 5, what is -2032 + -114?
-2201
In base 7, what is -1010 - -4?
-1003
In base 6, what is 100 - -4?
104
In base 16, what is -b - b7?
-c2
In base 5, what is 4430 - -30?
10010
In base 8, what is -6 + -1433?
-1441
In base 3, what is 10 + 10200?
10210
In base 8, what is -22 - -24?
2
In base 12, what is -3 - 508?
-50b
In base 15, what is 4 - 2d?
-29
In base 3, what is -11 - 1101?
-1112
In base 3, what is -2220112 + 12?
-2220100
In base 6, what is 1201 - 1?
1200
In base 6, what is 1354 + 145?
1543
In base 4, what is -1132 + 2?
-1130
In base 4, what is 10 + 20023?
20033
In base 2, what is 1001100110010111 - 11?
1001100110010100
In base 13, what is 31 - 2?
2c
In base 6, what is 0 + -1453?
-1453
In base 4, what is -313320 + -1?
-313321
In base 13, what is 3 - 238?
-235
In base 12, what is 7 + 1134?
113b
In base 3, what is 212012 + 22?
212111
In base 5, what is -1402 - 34?
-1441
In base 3, what is 1211 + 11221?
20202
In base 4, what is 3033001 + -1?
3033000
In base 13, what is -2 - -30?
2b
In base 14, what is -28b + 2?
-289
In base 9, what is 5 + 285?
301
In base 5, what is 10 + 13101?
13111
In base 6, what is 1214 - 4?
1210
In base 4, what is 1333301 - 10?
1333231
In base 12, what is -bb0 + 2?
-baa
In base 2, what is 1100001111 + 11?
1100010010
In base 3, what is -2 - 20111?
-20120
In base 15, what is 2 - 62?
-60
In base 15, what is -3 - -42?
3e
In base 15, what is -1c61 - 0?
-1c61
In base 5, what is 2004 + -21?
1433
In base 11, what is -3 - -167?
164
In base 10, what is 21 - 19?
2
In base 5, what is 4043 - 144?
3344
In base 16, what is 0 + 6?
6
In base 2, what is -101001 + 111?
-100010
In base 12, what is -6 - -113?
109
In base 12, what is 5 - -30?
35
In base 15, what is d32 + 5?
d37
In base 9, what is 24 + 106?
131
In base 7, what is -121 + -56?
-210
In base 12, what is -12 - 56?
-68
In base 14, what is 5 - -a03?
a08
In base 13, what is 34 - -1?
35
In base 3, what is 2 + 21012101?
21012110
In base 11, what is -3908 - -1?
-3907
In base 15, what is -a - c?
-17
In base 10, what is 35 + 23?
58
In base 11, what is -23 - 100?
-123
In base 6, what is -5 - 22?
-31
In base 13, what is -a + -6b?
-78
In base 3, what is -22 - -22002?
21210
In base 13, what is 3 + -458?
-455
In base 9, what is -54 + 16?
-37
In base 15, what is 2e73 - 3?
2e70
In base 8, what is -236 - 3?
-241
In base 3, what is 20 - 100002?
-22212
In base 14, what is 72 - -16?
88
In base 8, what is 362 + 3?
365
In base 3, what is 2101 - 12?
2012
In base 7, what is -25 - -36?
11
In base 12, what is 1 - 2b2?
-2b1
In base 11, what is -125 - 19?
-143
In base 16, what is -4 + 313?
30f
In base 4, what is 130302 - -2?
130310
In base 3, what is -202120 + 1?
-202112
In base 12, what is -13 - 12?
-25
In base 14, what is 1 - 195?
-194
In base 8, what is -2 + 253?
251
In base 9, what is 0 - 1451?
-1451
In base 11, what is -4 - -608?
604
In base 9, what is -443 - -17?
-425
In base 16, what is 232f + -4?
232b
In base 2, what is -110 + 10010?
1100
In base 14, what is -11 + -9?
-1a
In base 3, what is 1102011 - 12?
1101222
In base 7, what is -5 + 20563?
20555
In base 7, what is -2 - 4664?
-4666
In base 2, what is -10001111 - 111?
-10010110
In base 16, what is 2 - -db?
dd
In base 3, what is -10 - 1022222?
-1100002
In base 8, what is 13 - 27?
-14
In base 11, what is 1 - -3?
4
In base 8, what is 5 - -2?
7
In base 9, what is 5 + -20?
-14
In base 4, what is 10001 - 33?
3302
In base 3, what is 2 - 110?
-101
In base 13, what is 3057 + -4?
3053
In base 13, what is -2 - -91?
8c
In base 11, what is -1 - 807?
-808
In base 4, what is 3 + -103?
-100
In base 5, what is -10031 - 2?
-10033
In base 7, wh